1011000 + 111?
1000100011101011111
In base 11, what is -322 - 1006?
-1328
In base 8, what is 6 + -12376344?
-12376336
In base 14, what is 537c6 - 3?
537c3
In base 16, what is -3 + 2d87032?
2d8702f
In base 2, what is 11 - -1100101011101011100010?
1100101011101011100101
In base 10, what is -47163 - 205?
-47368
In base 9, what is -15 - 1120871?
-1120886
In base 15, what is -ba65 - -1a9b?
-9eb9
In base 4, what is -11 + 2103223210320?
2103223210303
In base 6, what is -3 - -1014524044?
1014524041
In base 9, what is 12813331 + -37?
12813283
In base 16, what is -132 + 3ffdc?
3feaa
In base 8, what is 200530 + 717?
201447
In base 9, what is 1365 + -44575?
-43210
In base 5, what is 320221032 - 41?
320220441
In base 14, what is 3b - 360b79?
-360b3c
In base 13, what is -178 - -805696?
80551b
In base 8, what is -45074376 - 3?
-45074401
In base 15, what is -3366d - e?
-3367c
In base 4, what is 11102331103023 - 3?
11102331103020
In base 3, what is 121 + 11012001212002?
11012001212200
In base 5, what is -104022 - 223404?
-332431
In base 13, what is -290c6 + 67?
-2905c
In base 8, what is -7133752167 - 5?
-7133752174
In base 6, what is 4 + 300101354?
300101402
In base 8, what is -142107374 + -5?
-142107401
In base 12, what is 14703b23 - 3?
14703b20
In base 15, what is -4 - -2e9295?
2e9291
In base 8, what is 3 - -37413563?
37413566
In base 4, what is 202331 + 1132303032?
1133112023
In base 14, what is -981a3 - 71?
-98234
In base 5, what is -2220 + 3343?
1123
In base 5, what is 22021 - -1421011?
1443032
In base 5, what is -24104110013 + 2?
-24104110011
In base 13, what is -12 - -3a1052?
3a1040
In base 10, what is -359044 + 348?
-358696
In base 15, what is 11ae3d24 - -5?
11ae3d29
In base 13, what is -168 + -334a98?
-334c33
In base 2, what is 1000010 - -110101010101111011001?
110101010110000011011
In base 7, what is -4 - 235060524?
-235060531
In base 15, what is -2 + 5e325c3?
5e325c1
In base 2, what is -1111100111101110100111 + -101?
-1111100111101110101100
In base 11, what is -944 + -11827a?
-119113
In base 8, what is 5044 + -1504?
3340
In base 10, what is -3 - 226592?
-226595
In base 11, what is -6476 + -10739?
-17104
In base 15, what is 3 - cbd4bb?
-cbd4b8
In base 4, what is 0 - 21111132001?
-21111132001
In base 11, what is 118906222 + 3?
118906225
In base 13, what is 2c5c03c3 - -5?
2c5c03c8
In base 7, what is -53 - -4115504?
4115421
In base 6, what is -2454 - -131512?
125014
In base 6, what is -13 + 12510022?
12510005
In base 8, what is -1260076 - 4?
-1260102
In base 5, what is 13012104 - 121?
13011433
In base 16, what is 31e + -33a6?
-3088
In base 10, what is 0 + -111330629?
-111330629
In base 5, what is 1012212 + -2314?
1004343
In base 14, what is 60a91 + -74b?
60344
In base 13, what is -323a007 + -5?
-323a00c
In base 11, what is 21 - a2467?
-a2446
In base 6, what is 432215 - -3344?
440003
In base 4, what is 30 + 21023110?
21023200
In base 8, what is 7013230272 + -5?
7013230265
In base 15, what is 4 + -450995?
-450991
In base 9, what is -1043 - -36512?
35458
In base 15, what is -75312 - -12?
-75300
In base 9, what is -2641888 - -13?
-2641875
In base 3, what is -12 + -11000022010120?
-11000022010202
In base 4, what is -2112 + -230232?
-233010
In base 14, what is 6 + -3308c23?
-3308c1b
In base 13, what is 8942 - -2c623?
38265
In base 15, what is -2830 - 8e54?
-b784
In base 2, what is 1101010111111010100 - -10011100010?
1101011010010110110
In base 9, what is 6 + 125604006?
125604013
In base 11, what is 45076a + -8?
450762
In base 6, what is 2253415 - -3110?
2300525
In base 7, what is -46546 + 314?
-46232
In base 7, what is -2 + 41136130?
41136125
In base 13, what is 4323 - 452?
3ba1
In base 14, what is 17640c + -1a?
1763d2
In base 6, what is -11 - -1252521255?
1252521244
In base 8, what is -110251 + -166?
-110437
In base 11, what is -4375 + -1932?
-61a7
In base 9, what is 3 - 331540444?
-331540441
In base 15, what is -da6bae - 1?
-da6bb0
In base 9, what is -58 - -304687?
304628
In base 13, what is 54 - 1a3a66?
-1a3a12
In base 7, what is 2 + 135305505?
135305510
In base 8, what is 7577 + 3602?
13401
In base 4, what is -223210 - 120211223?
-121101033
In base 6, what is 33 + -102332115?
-102332042
In base 9, what is -3643061 - 1?
-3643062
In base 11, what is -4 + -3046a9?
-304702
In base 12, what is 362 - -46b646?
46b9a8
In base 6, what is 0 - 1104041250?
-1104041250
In base 7, what is 1500411544 - -5?
1500411552
In base 7, what is 23310 - -210?
23520
In base 5, what is 22321 - -2224143?
2302014
In base 9, what is 154 - -2020667?
2020832
In base 7, what is 66564 - 23?
66541
In base 3, what is 2110 - -1011102202200?
1011102212010
In base 12, what is -121 - 26b02?
-27023
In base 9, what is 2624274 - -6?
2624281
In base 3, what is 100220 + -1011021200?
-1010220210
In base 14, what is -19 - -576d0?
576b5
In base 12, what is 36603 - 137b?
35244
In base 13, what is bc3a9 - 4b?
bc35b
In base 16, what is -1 + 64eb869?
64eb868
In base 4, what is 12232 - -10202223?
10221121
In base 14, what is -20a701 + 72?
-20a66d
In base 5, what is -1423 - -13441324?
13434401
In base 15, what is 2e + 3550ec?
35512b
In base 12, what is -1 - 15629108?
-15629109
In base 13, what is -3c4c - -1b6b5?
17766
In base 8, what is 322 - 335245?
-334723
In base 7, what is 23630132 + 22?
23630154
In base 7, what is -352554244 + 6?
-352554235
In base 2, what is -101 - 101010100010101001000101?
-101010100010101001001010
In base 7, what is -405215 - 5666?
-414214
In base 4, what is -21300 - -103020133?
102332233
In base 6, what is -5130 - 3341?
-12511
In base 15, what is -45355 + 5a?
-452ea
In base 4, what is 120300210 + -10320?
120223230
In base 2, what is 1001010000100111 - 111010?
1001001111101101
In base 7, what is -55604102 - -2?
-55604100
In base 14, what is 50b5a371 - -1?
50b5a372
In base 15, what is 28ee93 + -2?
28ee91
In base 12, what is 462 + -7156?
-68b4
In base 11, what is 160 + 51a9?
5359
In base 9, what is 10311451 - 1?
10311450
In base 10, what is 5 + -46358?
-46353
In base 16, what is -d8a09 - 180?
-d8b89
In base 15, what is -2 - 7e601?
-7e603
In base 16, what is -9d0d3f - 1?
-9d0d40
In base 5, what is 10242402230 + 11?
10242402241
In base 10, what is -7097 - -1874?
-5223
In base 2, what is -11100000111100111111 - 111111111?
-11100001000100111110
In base 9, what is 30335 + 16085?
46431
In base 6, what is -3331421355 - 5?
-3331421404
In base 3, what is -20221021120 + 11122?
-20221002221
In base 11, what is -18480415 - 3?
-18480418
In base 2, what is 10001000000010010 - -1101010100?
10001001101100110
In base 6, what is 220 - 12030240?
-12030020
In base 12, what is -1b9152aa - -1?
-1b9152a9
In base 4, what is -1 - -21303113200?
21303113133
In base 16, what is -cd326e + -2?
-cd3270
In base 10, what is -5 + -48151226?
-48151231
In base 15, what is -a12a7 - d?
-a12b5
In base 10, what is 61 + 16169?
16230
In base 15, what is -aae65 + -6de?
-ab654
In base 7, what is 6315054 - -30?
6315114
In base 3, what is -10 - 201111110220?
-201111111000
In base 15, what is -3 + 492cc?
492c9
In base 15, what is 210 - -1bb6?
1dc6
In base 9, what is 30434687 + 25?
30434723
In base 11, what is 2067204 + 6?
206720a
In base 15, what is -4 - -6013307?
6013303
In base 7, what is -1022550 - 113?
-1022663
In base 8, what is -431712214 + -1?
-431712215
In base 8, what is 170 - -31274?
31464
In base 2, what is 1000 - -10111011100010000111?
10111011100010001111
In base 16, what is -b + 6fd861?
6fd856
In base 12, what is b6 + 4467a?
44774
In base 15, what is -19ab4 + -2ea?
-19dae
In base 2, what is 1101011100110000000 - -10110?
1101011100110010110
In base 14, what is 2d590 - -6a3?
2dc53
In base 14, what is -3b9189 - -9?
-3b9180
In base 3, what is 101110110202 - 211111?
101102122021
In base 11, what is 358319 - 76?
358253
In base 2, what is -100001001 + -1001100001110100110001?
-1001100001111000111010
In base 5, what is 340032 + -3314?
331213
In base 12, what is -518b0131 + 1?
-518b0130
In base 7, what is -5201415134 - -3?
-5201415131
In base 4, what is -1113133313011213 - 2?
-1113133313011221
In base 2, what is -101100 + 101000100101100010101100?
101000100101100010000000
In base 11, what is 69 + 344855?
344913
In base 8, what is -23 - -163001003?
163000760
In base 16, what is -22a5 + 4bc?
-1de9
In base 3, what is 2 + 220